{"version":"1.0","provider_name":"Fraternidade - Federa\u00e7\u00e3o Humanit\u00e1ria Internacional","provider_url":"https:\/\/www.fraterinternacional.org\/en\/","author_name":"FFHI","author_url":"https:\/\/www.fraterinternacional.org\/en\/author\/ffhi-4\/","title":"Prayer of Consecration of Pilgrims to the Divine Mother","type":"rich","width":600,"height":338,"html":"<blockquote class=\"wp-embedded-content\" data-secret=\"0EGS9JSbue\"><a href=\"https:\/\/www.fraterinternacional.org\/en\/prayer-consecration-pilgrims-divine-mother\/\">Prayer of Consecration of Pilgrims to the Divine Mother<\/a><\/blockquote><iframe sandbox=\"allow-scripts\" security=\"restricted\" src=\"https:\/\/www.fraterinternacional.org\/en\/prayer-consecration-pilgrims-divine-mother\/embed\/#?secret=0EGS9JSbue\" width=\"600\" height=\"338\" title=\"&#8220;Prayer of Consecration of Pilgrims to the Divine Mother&#8221; &#8212; Fraternidade - Federa\u00e7\u00e3o Humanit\u00e1ria Internacional\" data-secret=\"0EGS9JSbue\" frameborder=\"0\" marginwidth=\"0\" marginheight=\"0\" scrolling=\"no\" class=\"wp-embedded-content\"><\/iframe><script type=\"text\/javascript\">\n\/* <![CDATA[ *\/\n\/*! This file is auto-generated *\/\n!function(d,l){\"use strict\";l.querySelector&&d.addEventListener&&\"undefined\"!=typeof URL&&(d.wp=d.wp||{},d.wp.receiveEmbedMessage||(d.wp.receiveEmbedMessage=function(e){var t=e.data;if((t||t.secret||t.message||t.value)&&!\/[^a-zA-Z0-9]\/.test(t.secret)){for(var s,r,n,a=l.querySelectorAll('iframe[data-secret=\"'+t.secret+'\"]'),o=l.querySelectorAll('blockquote[data-secret=\"'+t.secret+'\"]'),c=new RegExp(\"^https?:$\",\"i\"),i=0;i<o.length;i++)o[i].style.display=\"none\";for(i=0;i<a.length;i++)s=a[i],e.source===s.contentWindow&&(s.removeAttribute(\"style\"),\"height\"===t.message?(1e3<(r=parseInt(t.value,10))?r=1e3:~~r<200&&(r=200),s.height=r):\"link\"===t.message&&(r=new URL(s.getAttribute(\"src\")),n=new URL(t.value),c.test(n.protocol))&&n.host===r.host&&l.activeElement===s&&(d.top.location.href=t.value))}},d.addEventListener(\"message\",d.wp.receiveEmbedMessage,!1),l.addEventListener(\"DOMContentLoaded\",function(){for(var e,t,s=l.querySelectorAll(\"iframe.wp-embedded-content\"),r=0;r<s.length;r++)(t=(e=s[r]).getAttribute(\"data-secret\"))||(t=Math.random().toString(36).substring(2,12),e.src+=\"#?secret=\"+t,e.setAttribute(\"data-secret\",t)),e.contentWindow.postMessage({message:\"ready\",secret:t},\"*\")},!1)))}(window,document);\n\/* ]]> *\/\n<\/script>\n","thumbnail_url":"https:\/\/www.fraterinternacional.org\/wp-content\/uploads\/2017\/11\/maria_colina_aparicoes.jpg","thumbnail_width":690,"thumbnail_height":388,"description":"May my feet be guided by the sweet Voice of the Celestial Mother. May my eyes see only the Love of God, reflected in the heart of each brother and sister."}

Fraternidade - Federação Humanitária Internacional

<blockquote class="wp-embedded-content" data-secret="0EGS9JSbue"><a href="https://www.fraterinternacional.org/en/prayer-consecration-pilgrims-divine-mother/">Prayer of Consecration of Pilgrims to the Divine Mother</a></blockquote><iframe sandbox="allow-scripts" security="restricted" src="https://www.fraterinternacional.org/en/prayer-consecration-pilgrims-divine-mother/embed/#?secret=0EGS9JSbue" width="600" height="338" title="&#8220;Prayer of Consecration of Pilgrims to the Divine Mother&#8221; &#8212; Fraternidade - Federação Humanitária Internacional" data-secret="0EGS9JSbue" frameborder="0" marginwidth="0" marginheight="0" scrolling="no" class="wp-embedded-content"></iframe><script type="text/javascript">
/* <![CDATA[ */
/*! This file is auto-generated */
!function(d,l){"use strict";l.querySelector&&d.addEventListener&&"undefined"!=typeof URL&&(d.wp=d.wp||{},d.wp.receiveEmbedMessage||(d.wp.receiveEmbedMessage=function(e){var t=e.data;if((t||t.secret||t.message||t.value)&&!/[^a-zA-Z0-9]/.test(t.secret)){for(var s,r,n,a=l.querySelectorAll('iframe[data-secret="'+t.secret+'"]'),o=l.querySelectorAll('blockquote[data-secret="'+t.secret+'"]'),c=new RegExp("^https?:$","i"),i=0;i<o.length;i++)o[i].style.display="none";for(i=0;i<a.length;i++)s=a[i],e.source===s.contentWindow&&(s.removeAttribute("style"),"height"===t.message?(1e3<(r=parseInt(t.value,10))?r=1e3:~~r<200&&(r=200),s.height=r):"link"===t.message&&(r=new URL(s.getAttribute("src")),n=new URL(t.value),c.test(n.protocol))&&n.host===r.host&&l.activeElement===s&&(d.top.location.href=t.value))}},d.addEventListener("message",d.wp.receiveEmbedMessage,!1),l.addEventListener("DOMContentLoaded",function(){for(var e,t,s=l.querySelectorAll("iframe.wp-embedded-content"),r=0;r<s.length;r++)(t=(e=s[r]).getAttribute("data-secret"))||(t=Math.random().toString(36).substring(2,12),e.src+="#?secret="+t,e.setAttribute("data-secret",t)),e.contentWindow.postMessage({message:"ready",secret:t},"*")},!1)))}(window,document);
/* ]]> */
</script>
